7?
8
What is the hundred thousands digit of 303402615?
4
What is the units digit of 106900677?
7
What is the hundreds digit of 208242642?
6
What is the hundred thousands digit of 23610273?
6
What is the thousands digit of 115508865?
8
What is the units digit of 628921334?
4
What is the billions digit of 1638236805?
1
What is the units digit of 577262857?
7
What is the hundred thousands digit of 1924864830?
8
What is the ten thousands digit of 126228777?
2
What is the units digit of 1425002863?
3
What is the ten thousands digit of 229058398?
5
What is the hundred millions digit of 609118435?
6
What is the tens digit of 787787?
8
What is the units digit of 9219962?
2
What is the thousands digit of 3481838714?
8
What is the tens digit of 2943154049?
4
What is the units digit of 146751181?
1
What is the hundreds digit of 5583516237?
2
What is the tens digit of 885808662?
6
What is the millions digit of 86667320?
6
What is the ten thousands digit of 133719?
3
What is the thousands digit of 105452858?
2
What is the millions digit of 433424686?
3
What is the hundred millions digit of 326508112?
3
What is the ten thousands digit of 36144870?
4
What is the hundred thousands digit of 1977549772?
5
What is the hundred millions digit of 233166037?
2
What is the tens digit of 62331529?
2
What is the hundred thousands digit of 226492750?
4
What is the units digit of 209744803?
3
What is the millions digit of 8038679?
8
What is the units digit of 737396935?
5
What is the hundred millions digit of 140994427?
1
What is the hundreds digit of 2423478486?
4
What is the hundred thousands digit of 43462466?
4
What is the thousands digit of 4190322037?
2
What is the millions digit of 321538735?
1
What is the ten millions digit of 442005744?
4
What is the hundred thousands digit of 548971025?
9
What is the millions digit of 20454374?
0
What is the thousands digit of 517215798?
5
What is the hundred thousands digit of 5763574079?
5
What is the hundreds digit of 37177576?
5
What is the ten thousands digit of 1646312993?
1
What is the billions digit of 6552274122?
6
What is the units digit of 103945112?
2
What is the billions digit of 2315423754?
2
What is the millions digit of 3148505?
3
What is the thousands digit of 48579553?
9
What is the tens digit of 269460858?
5
What is the ten thousands digit of 454499131?
9
What is the hundreds digit of 820841280?
2
What is the billions digit of 1331044630?
1
What is the millions digit of 261178840?
1
What is the thousands digit of 326257471?
7
What is the tens digit of 3569204477?
7
What is the ten millions digit of 1234602049?
3
What is the hundred millions digit of 1270195547?
2
What is the thousands digit of 3115641958?
1
What is the thousands digit of 1961777808?
7
What is the ten millions digit of 947386452?
4
What is the hundred thousands digit of 5075200833?
2
What is the thousands digit of 1257305940?
5
What is the thousands digit of 448304465?
4
What is the ten millions digit of 135313953?
3
What is the units digit of 121613859?
9
What is the hundreds digit of 60436241?
2
What is the tens digit of 4155045472?
7
What is the hundreds digit of 353580502?
5
What is the tens digit of 242975689?
8
What is the hundred thousands digit of 126935534?
9
What is the tens digit of 2728519440?
4
What is the ten thousands digit of 71994239?
9
What is the hundred thousands digit of 716512041?
5
What is the ten thousands digit of 1904167160?
6
What is the hundreds digit of 449397580?
5
What is the hundred millions digit of 2337544814?
3
What is the units digit of 7547097?
7
What is the ten thousands digit of 18466129?
6
What is the hundred millions digit of 690184562?
6
What is the units digit of 5565854062?
2
What is the millions digit of 91182128?
1
What is the ten millions digit of 102773960?
0
What is the hundreds digit of 122627617?
6
What is the thousands digit of 1058702495?
2
What is the ten thousands digit of 44507512?
0
What is the millions digit of 413432249?
3
What is the units digit of 171720516?
6
What is the tens digit of 758814803?
0
What is the units digit of 2506059531?
1
What is the ten thousands digit of 452459867?
5
What is the ten millions digit of 130452006?
3
What is the hundreds digit of 622707531?
5
What is the ten thousands digit of 269783875?
8
What is the thousands digit of 45130453?
0
What is the tens digit of 253517514?
1
What is the hundreds digit of 255768203?
2
What is the ten thousands digit of 72203729?
0
What is the billions digit of 2518358210?
2
What is the hundred thousands digit of 29426070?
4
What is the millions digit of 60231215?
0
What is the millions digit of 44771822?
4
What is the hundreds digit of 41378817?
8
What is the hundreds digit of 29225584?
5
What is the tens digit of 3372995068?
6
What is the hundred thousands digit of 914395044?
3
What is the ten thousands digit of 5065359668?
5
What is the millions digit of 949157127?
9
What is the thousands digit of 252177756?
7
What is the thousands digit of 744505141?
5
What is the ten millions digit of 226929967?
2
What is the units digit of 36915168?
8
What is the hundred millions digit of 374206051?
3
What is the ten thousands digit of 281706788?
0
What is the ten millions digit of 1513193397?
1
What is the hundred thousands digit of 6412561009?
5
What is the thousands digit of 1162107?
2
What is the hundreds digit of 5101413?
4
What is the tens digit of 55168182?
8
What is the tens digit of 1984586401?
0
What is the tens digit of 291508316?
1
What is the millions digit of 1678849228?
8
What is the thousands digit of 60534042?
4
What is the ten thousands digit of 57436430?
3
What is the units digit of 551629100?
0
What is the thousands digit of 2498157662?
7
What is the units digit of 69743226?
6
What is the thousands digit of 26499480?
9
What is the tens digit of 853578737?
3
What is the tens digit of 81429082?
8
What is the hundreds digit of 70623869?
8
What is the tens digit of 305560670?
7
What is the units digit of 52406025?
5
What is the units digit of 122643660?
0
What is the hundreds digit of 84952316?
3
What is the ten thousands digit of 762193175?
9
What is the ten thousands digit of 954919818?
1
What is the tens digit of 146192518?
1
What is the ten millions digit of 516628921?
1
What is the ten thousands digit of 163462831?
6
What is the thousands digit of 479473889?
3
What is the millions digit of 588186542?
8
What is the millions digit of 545221093?
5
What is the hundred millions digit of 247258507?
2
What is the ten thousands digit of 428975671?
7
What is the tens digit of 380557008?
0
What is the hundreds digit of 105445397?
3
What is the thousands digit of 658069594?
9
What is the ten thousands digit of 4066701656?
0
What is the ten thousands digit of 147540567?
4
What is the hundred thousands digit of 747192709?
1
What is the billions digit of 5102331942?
5
What is the hundreds digit of 1357801303?
3
What is the hundreds digit of 51985500?
5
What is the tens digit of 1582055797?
9
What is the ten thousands digit of 297255437?
5
What is the hundred thousands digit of 337973023?
9
What is the thousands digit of 481131579?
1
What is the ten millions digit of 41841727?
4
What is the ten thousands digit of 35209475?
0
What is the tens digit of 1285044274?
7
What is the hundred thousands digit of 762875230?
8
What is the millions digit of 4174567918?
4
What is the hundreds digit of 220753438?
4
What is the hundred millions digit of 1539079197?
5
What is the ten thousands digit of 125259797?
5
What is the millions digit of 1105415729?
5
What is the hundred thousands digit of 31489666?
4
What is the millions digit of 51453335?
1
What is the hundreds digit of 84147012?
0
What is the billions digit of 1024535624?
1
What is the thousands digit of 35726093?
6
What is the hundreds digit of 61486980?
9
What is the ten millions digit of 4559994409?
5
What is the hundreds digit of 61306940?
9
What is the units digit of 159031175?
5
What is the ten thousands digit of 42594581?
9
What is the ten thousands digit of 3616616380?
1
What is the ten millions digit of 353088137?
5
What is the units digit of 89396415?
5
What is the millions digit of 77657411?
7
What is the tens digit of 46999874?
7
What is the thousands digit of 748102693?